{"id":14743,"date":"2021-03-18T17:24:04","date_gmt":"2021-03-18T16:24:04","guid":{"rendered":"https:\/\/www.fondazionebracco.com\/?page_id=14743"},"modified":"2021-03-23T16:01:21","modified_gmt":"2021-03-23T15:01:21","slug":"privacy-fornitori","status":"publish","type":"page","link":"https:\/\/www.fondazionebracco.com\/en\/privacy-fornitori\/","title":{"rendered":"Regolamento Privacy verso Fornitori"},"content":{"rendered":"\n<p>Gentile interessato, desideriamo informarLa che il \u201cRegolamento Europeo 2016\/679 relativo alla protezione delle persone fisiche con riguardo al Trattamento dei Dati Personali, nonch\u00e9 alla libera circolazione di tali dati\u201d (\u201cGDPR\u201d) prevede la tutela delle persone e di altri soggetti rispetto al trattamento dei dati personali.<\/p>\n\n\n\n<p>Fondazione Bracco, ai sensi dell&#8217;articolo 13 del GDPR, pertanto, Le fornisce le seguenti informazioni:<\/p>\n\n\n\n<p><strong><em><u>Titolare del Trattamento:<\/u><\/em><\/strong><\/p>\n\n\n\n<p>Il Titolare del trattamento \u00e8 Fondazione Bracco, via Cino del Duca 8, 20122 Milano, Italia <a href=\"mailto:segreteria@fondazionebracco.com\">segreteria@fondazionebracco.com<\/a> &#8211; +39 02 21772929<\/p>\n\n\n\n<p><strong><em><u>Responsabile per la Protezione dei Dati:<\/u><\/em><\/strong><\/p>\n\n\n\n<p>Il Responsabile della Protezione dei Dati \u00e8 raggiungibile via e-mail all\u2019indirizzo: <a href=\"mailto:dpo@bracco.com\">dpo@bracco.com<\/a> &nbsp;<\/p>\n\n\n\n<p><strong><em><u>Definizione di dati personali relativi all\u2019interessato:<\/u><\/em><\/strong><\/p>\n\n\n\n<p>Per dati personali (\u201cDati\u201d) si intendono quelli relativi a persone fisiche trattati da Fondazione Bracco per la stipula e l\u2019esecuzione del rapporto contrattuale con i propri fornitori, quali dati anagrafici del legale rappresentante\/procuratore del fornitore che sottoscrive il contratto, dati anagrafici dei dipendenti e consulenti del fornitore, nonch\u00e9 dati bancari ed altri dati necessari all\u2019esecuzione delle attivit\u00e0 inerenti al contratto.<\/p>\n\n\n\n<p><strong><em><u>Finalit\u00e0 del trattamento:<\/u><\/em><\/strong><\/p>\n\n\n\n<p>I Dati saranno trattati per le seguenti finalit\u00e0:<\/p>\n\n\n\n<ol><li>Finalit\u00e0 connesse all\u2019instaurazione e alla esecuzione del rapporto contrattuale;<\/li><li>Finalit\u00e0 connesse all\u2019adempimento di obblighi amministrativi\/contabili, nonch\u00e9 all\u2019adempimento di obblighi previsti da disposizioni di legge o regolamenti nazionali o sovranazionali, provvedimenti di enti o autorit\u00e0, nazionali o sovranazionali.<\/li><\/ol>\n\n\n\n<p><strong><em><u>Base giuridica del trattamento:<\/u><\/em><\/strong><\/p>\n\n\n\n<p>Il trattamento dei Dati per la finalit\u00e0 di cui al punto 1 \u00e8 necessario all&#8217;esecuzione di un contratto di cui l&#8217;interessato \u00e8 parte o all&#8217;esecuzione di misure precontrattuali (art. 6 comma 1 lett. b) del GDPR.<\/p>\n\n\n\n<p>Il trattamento dei Dati per la finalit\u00e0 di cui al punto 2 \u00e8 necessario per adempiere un obbligo legale al quale \u00e8 soggetto il Titolare (art. 6 comma 1 lett. c) del GDPR.<\/p>\n\n\n\n<p><strong><em><u>Natura obbligatoria o facoltativa del conferimento dei Dati:<\/u><\/em><\/strong><\/p>\n\n\n\n<p>Il conferimento dei Dati per la finalit\u00e0 di cui al punto 1 \u00e8 facoltativo, tuttavia un rifiuto in merito non consente di instaurare il rapporto contrattuale e di adempiere alle conseguenti obbligazioni.<\/p>\n\n\n\n<p>Il conferimento dei Dati per la finalit\u00e0 di cui al punto 2 \u00e8 obbligatorio in quanto necessario all\u2019adempimento di obblighi normativi.<\/p>\n\n\n\n<p><strong><em><u>Modalit\u00e0 di trattamento dei Dati:<\/u><\/em><\/strong><\/p>\n\n\n\n<p>Il trattamento dei Dati, in relazione alle finalit\u00e0 sopra indicate, avverr\u00e0 in modo da garantirne la sicurezza e la riservatezza, nel rispetto dei diritti e delle libert\u00e0 degli interessati.<\/p>\n\n\n\n<p>Il Trattamento dei Dati potr\u00e0 essere effettuato con strumenti informatici, manuali e telematici, nel rispetto di adeguate misure di sicurezza.<\/p>\n\n\n\n<p><strong><em><u>Periodo di conservazione dei Dati:<\/u><\/em><\/strong><\/p>\n\n\n\n<p>I Dati verranno conservati per un arco di tempo non superiore al conseguimento delle finalit\u00e0 per le quali sono trattati e, successivamente, per il periodo di prescrizione ordinario pari a 10 anni.<\/p>\n\n\n\n<p>La verifica sulla obsolescenza dei Dati viene effettuata periodicamente.<\/p>\n\n\n\n<p><strong><em><u>Comunicazione e diffusione dei Dati:<\/u><\/em><\/strong><\/p>\n\n\n\n<p>Nei limiti pertinenti alle finalit\u00e0 suindicate, i Dati potranno essere comunicati alle seguenti categorie di destinatari:<\/p>\n\n\n\n<ol><li>personale del Titolare, espressamente autorizzato al trattamento e che ha ricevuto adeguate istruzioni operative;<\/li><li>consulenti, fornitori, providers di servizi, nominati Responsabili del trattamento ai sensi dell\u2019art. 28 del GDPR;<\/li><li>pubbliche autorit\u00e0, organi di vigilanza e controllo legittimati a richiedere i Dati.<\/li><\/ol>\n\n\n\n<p>I Dati non saranno oggetto di trasferimento al di fuori del territorio dell\u2019UE.<\/p>\n\n\n\n<p><strong><em><u>Diritti dell\u2019interessato:<\/u><\/em><\/strong><\/p>\n\n\n\n<p>Contattando Fondazione Bracco via e-mail all\u2019indirizzo <a href=\"mailto:segreteria@fondazionebracco.com\">segreteria@fondazionebracco.com<\/a> l\u2019interessato potr\u00e0 esercitare i diritti conferiti dagli artt. da 15 a 22 del GDPR: diritto di accesso (art. 15); diritto di rettifica (art. 16); diritto alla cancellazione (\u201cdiritto all\u2019oblio\u201d) (art. 17); diritto di limitazione di trattamento (art. 18); obbligo di notifica in caso di rettifica o cancellazione o limitazione del trattamento (art. 19); diritto alla portabilit\u00e0 dei dati (art. 20); diritto di opposizione (art. 21); processo decisionale automatizzato relativo alle persone fisiche, compresa la profilazione (art. 22).<\/p>\n\n\n\n<p>L\u2019interessato ha altres\u00ec il diritto di proporre reclamo all\u2019Autorit\u00e0 di controllo.<\/p>\n","protected":false},"excerpt":{"rendered":"<p>Gentile interessato, desideriamo informarLa che il \u201cRegolamento Europeo 2016\/679 relativo alla protezione delle persone fisiche con riguardo al Trattamento dei Dati Personali, nonch\u00e9 alla libera circolazione di tali dati\u201d (\u201cGDPR\u201d) prevede la tutela delle persone e di altri soggetti rispetto al trattamento dei dati personali. Fondazione Bracco, ai sensi dell&#8217;articolo 13 del GDPR, pertanto, Le [&hellip;]<\/p>\n","protected":false},"author":7,"featured_media":0,"parent":0,"menu_order":0,"comment_status":"closed","ping_status":"closed","template":"","meta":[],"yoast_head":"<!-- This site is optimized with the Yoast SEO plugin v17.4 - https:\/\/yoast.com\/wordpress\/plugins\/seo\/ -->\n<title>Regolamento Privacy verso Fornitori - Fondazione Bracco<\/title>\n<meta name=\"robots\" content=\"index, follow, max-snippet:-1, max-image-preview:large, max-video-preview:-1\" \/>\n<link rel=\"canonical\" href=\"https:\/\/www.fondazionebracco.com\/en\/privacy-fornitori\/\" \/>\n<meta property=\"og:locale\" content=\"en_US\" \/>\n<meta property=\"og:type\" content=\"article\" \/>\n<meta property=\"og:title\" content=\"Regolamento Privacy verso Fornitori - Fondazione Bracco\" \/>\n<meta property=\"og:description\" content=\"Gentile interessato, desideriamo informarLa che il \u201cRegolamento Europeo 2016\/679 relativo alla protezione delle persone fisiche con riguardo al Trattamento dei Dati Personali, nonch\u00e9 alla libera circolazione di tali dati\u201d (\u201cGDPR\u201d) prevede la tutela delle persone e di altri soggetti rispetto al trattamento dei dati personali. Fondazione Bracco, ai sensi dell&#8217;articolo 13 del GDPR, pertanto, Le [&hellip;]\" \/>\n<meta property=\"og:url\" content=\"https:\/\/www.fondazionebracco.com\/en\/privacy-fornitori\/\" \/>\n<meta property=\"og:site_name\" content=\"Fondazione Bracco\" \/>\n<meta property=\"article:publisher\" content=\"https:\/\/www.facebook.com\/fondazionebracco\" \/>\n<meta property=\"article:modified_time\" content=\"2021-03-23T15:01:21+00:00\" \/>\n<meta name=\"twitter:card\" content=\"summary_large_image\" \/>\n<meta name=\"twitter:site\" content=\"@FondBracco\" \/>\n<!-- \/ Yoast SEO plugin. -->","yoast_head_json":{"title":"Regolamento Privacy verso Fornitori - Fondazione Bracco","robots":{"index":"index","follow":"follow","max-snippet":"max-snippet:-1","max-image-preview":"max-image-preview:large","max-video-preview":"max-video-preview:-1"},"canonical":"https:\/\/www.fondazionebracco.com\/en\/privacy-fornitori\/","og_locale":"en_US","og_type":"article","og_title":"Regolamento Privacy verso Fornitori - Fondazione Bracco","og_description":"Gentile interessato, desideriamo informarLa che il \u201cRegolamento Europeo 2016\/679 relativo alla protezione delle persone fisiche con riguardo al Trattamento dei Dati Personali, nonch\u00e9 alla libera circolazione di tali dati\u201d (\u201cGDPR\u201d) prevede la tutela delle persone e di altri soggetti rispetto al trattamento dei dati personali. Fondazione Bracco, ai sensi dell&#8217;articolo 13 del GDPR, pertanto, Le [&hellip;]","og_url":"https:\/\/www.fondazionebracco.com\/en\/privacy-fornitori\/","og_site_name":"Fondazione Bracco","article_publisher":"https:\/\/www.facebook.com\/fondazionebracco","article_modified_time":"2021-03-23T15:01:21+00:00","twitter_card":"summary_large_image","twitter_site":"@FondBracco","schema":{"@context":"https:\/\/schema.org","@graph":[{"@type":"Organization","@id":"https:\/\/www.fondazionebracco.com\/en\/#organization","name":"Fondazione Bracco","url":"https:\/\/www.fondazionebracco.com\/en\/","sameAs":["https:\/\/www.facebook.com\/fondazionebracco","https:\/\/www.instagram.com\/fondazionebracco\/","https:\/\/www.youtube.com\/user\/fondazionebracco","https:\/\/twitter.com\/FondBracco"],"logo":{"@type":"ImageObject","@id":"https:\/\/www.fondazionebracco.com\/en\/#logo","inLanguage":"en-US","url":"https:\/\/www.fondazionebracco.com\/wp-content\/uploads\/marchioFondazioneBracco.png","contentUrl":"https:\/\/www.fondazionebracco.com\/wp-content\/uploads\/marchioFondazioneBracco.png","width":1182,"height":329,"caption":"Fondazione Bracco"},"image":{"@id":"https:\/\/www.fondazionebracco.com\/en\/#logo"}},{"@type":"WebSite","@id":"https:\/\/www.fondazionebracco.com\/en\/#website","url":"https:\/\/www.fondazionebracco.com\/en\/","name":"Fondazione Bracco","description":"Fondazione Bracco","publisher":{"@id":"https:\/\/www.fondazionebracco.com\/en\/#organization"},"potentialAction":[{"@type":"SearchAction","target":{"@type":"EntryPoint","urlTemplate":"https:\/\/www.fondazionebracco.com\/en\/?s={search_term_string}"},"query-input":"required name=search_term_string"}],"inLanguage":"en-US"},{"@type":"WebPage","@id":"https:\/\/www.fondazionebracco.com\/en\/privacy-fornitori\/#webpage","url":"https:\/\/www.fondazionebracco.com\/en\/privacy-fornitori\/","name":"Regolamento Privacy verso Fornitori - Fondazione Bracco","isPartOf":{"@id":"https:\/\/www.fondazionebracco.com\/en\/#website"},"datePublished":"2021-03-18T16:24:04+00:00","dateModified":"2021-03-23T15:01:21+00:00","breadcrumb":{"@id":"https:\/\/www.fondazionebracco.com\/en\/privacy-fornitori\/#breadcrumb"},"inLanguage":"en-US","potentialAction":[{"@type":"ReadAction","target":["https:\/\/www.fondazionebracco.com\/en\/privacy-fornitori\/"]}]},{"@type":"BreadcrumbList","@id":"https:\/\/www.fondazionebracco.com\/en\/privacy-fornitori\/#breadcrumb","itemListElement":[{"@type":"ListItem","position":1,"name":"Home","item":"https:\/\/www.fondazionebracco.com\/en\/"},{"@type":"ListItem","position":2,"name":"Regolamento Privacy verso Fornitori"}]}]}},"_links":{"self":[{"href":"https:\/\/www.fondazionebracco.com\/en\/wp-json\/wp\/v2\/pages\/14743"}],"collection":[{"href":"https:\/\/www.fondazionebracco.com\/en\/wp-json\/wp\/v2\/pages"}],"about":[{"href":"https:\/\/www.fondazionebracco.com\/en\/wp-json\/wp\/v2\/types\/page"}],"author":[{"embeddable":true,"href":"https:\/\/www.fondazionebracco.com\/en\/wp-json\/wp\/v2\/users\/7"}],"replies":[{"embeddable":true,"href":"https:\/\/www.fondazionebracco.com\/en\/wp-json\/wp\/v2\/comments?post=14743"}],"version-history":[{"count":2,"href":"https:\/\/www.fondazionebracco.com\/en\/wp-json\/wp\/v2\/pages\/14743\/revisions"}],"predecessor-version":[{"id":15357,"href":"https:\/\/www.fondazionebracco.com\/en\/wp-json\/wp\/v2\/pages\/14743\/revisions\/15357"}],"wp:attachment":[{"href":"https:\/\/www.fondazionebracco.com\/en\/wp-json\/wp\/v2\/media?parent=14743"}],"curies":[{"name":"wp","href":"https:\/\/api.w.org\/{rel}","templated":true}]}}

<p>Gentile interessato, desideriamo informarLa che il “Regolamento Europeo 2016/679 relativo alla protezione delle persone fisiche con riguardo al Trattamento dei Dati Personali, nonché alla libera circolazione di tali dati” (“GDPR”) prevede la tutela delle persone e di altri soggetti rispetto al trattamento dei dati personali.</p>



<p>Fondazione Bracco, ai sensi dell&#8217;articolo 13 del GDPR, pertanto, Le fornisce le seguenti informazioni:</p>



<p><strong><em><u>Titolare del Trattamento:</u></em></strong></p>



<p>Il Titolare del trattamento è Fondazione Bracco, via Cino del Duca 8, 20122 Milano, Italia <a href="mailto:segreteria@fondazionebracco.com">segreteria@fondazionebracco.com</a> &#8211; +39 02 21772929</p>



<p><strong><em><u>Responsabile per la Protezione dei Dati:</u></em></strong></p>



<p>Il Responsabile della Protezione dei Dati è raggiungibile via e-mail all’indirizzo: <a href="mailto:dpo@bracco.com">dpo@bracco.com</a> &nbsp;</p>



<p><strong><em><u>Definizione di dati personali relativi all’interessato:</u></em></strong></p>



<p>Per dati personali (“Dati”) si intendono quelli relativi a persone fisiche trattati da Fondazione Bracco per la stipula e l’esecuzione del rapporto contrattuale con i propri fornitori, quali dati anagrafici del legale rappresentante/procuratore del fornitore che sottoscrive il contratto, dati anagrafici dei dipendenti e consulenti del fornitore, nonché dati bancari ed altri dati necessari all’esecuzione delle attività inerenti al contratto.</p>



<p><strong><em><u>Finalità del trattamento:</u></em></strong></p>



<p>I Dati saranno trattati per le seguenti finalità:</p>



<ol><li>Finalità connesse all’instaurazione e alla esecuzione del rapporto contrattuale;</li><li>Finalità connesse all’adempimento di obblighi amministrativi/contabili, nonché all’adempimento di obblighi previsti da disposizioni di legge o regolamenti nazionali o sovranazionali, provvedimenti di enti o autorità, nazionali o sovranazionali.</li></ol>



<p><strong><em><u>Base giuridica del trattamento:</u></em></strong></p>



<p>Il trattamento dei Dati per la finalità di cui al punto 1 è necessario all&#8217;esecuzione di un contratto di cui l&#8217;interessato è parte o all&#8217;esecuzione di misure precontrattuali (art. 6 comma 1 lett. b) del GDPR.</p>



<p>Il trattamento dei Dati per la finalità di cui al punto 2 è necessario per adempiere un obbligo legale al quale è soggetto il Titolare (art. 6 comma 1 lett. c) del GDPR.</p>



<p><strong><em><u>Natura obbligatoria o facoltativa del conferimento dei Dati:</u></em></strong></p>



<p>Il conferimento dei Dati per la finalità di cui al punto 1 è facoltativo, tuttavia un rifiuto in merito non consente di instaurare il rapporto contrattuale e di adempiere alle conseguenti obbligazioni.</p>



<p>Il conferimento dei Dati per la finalità di cui al punto 2 è obbligatorio in quanto necessario all’adempimento di obblighi normativi.</p>



<p><strong><em><u>Modalità di trattamento dei Dati:</u></em></strong></p>



<p>Il trattamento dei Dati, in relazione alle finalità sopra indicate, avverrà in modo da garantirne la sicurezza e la riservatezza, nel rispetto dei diritti e delle libertà degli interessati.</p>



<p>Il Trattamento dei Dati potrà essere effettuato con strumenti informatici, manuali e telematici, nel rispetto di adeguate misure di sicurezza.</p>



<p><strong><em><u>Periodo di conservazione dei Dati:</u></em></strong></p>



<p>I Dati verranno conservati per un arco di tempo non superiore al conseguimento delle finalità per le quali sono trattati e, successivamente, per il periodo di prescrizione ordinario pari a 10 anni.</p>



<p>La verifica sulla obsolescenza dei Dati viene effettuata periodicamente.</p>



<p><strong><em><u>Comunicazione e diffusione dei Dati:</u></em></strong></p>



<p>Nei limiti pertinenti alle finalità suindicate, i Dati potranno essere comunicati alle seguenti categorie di destinatari:</p>



<ol><li>personale del Titolare, espressamente autorizzato al trattamento e che ha ricevuto adeguate istruzioni operative;</li><li>consulenti, fornitori, providers di servizi, nominati Responsabili del trattamento ai sensi dell’art. 28 del GDPR;</li><li>pubbliche autorità, organi di vigilanza e controllo legittimati a richiedere i Dati.</li></ol>



<p>I Dati non saranno oggetto di trasferimento al di fuori del territorio dell’UE.</p>



<p><strong><em><u>Diritti dell’interessato:</u></em></strong></p>



<p>Contattando Fondazione Bracco via e-mail all’indirizzo <a href="mailto:segreteria@fondazionebracco.com">segreteria@fondazionebracco.com</a> l’interessato potrà esercitare i diritti conferiti dagli artt. da 15 a 22 del GDPR: diritto di accesso (art. 15); diritto di rettifica (art. 16); diritto alla cancellazione (“diritto all’oblio”) (art. 17); diritto di limitazione di trattamento (art. 18); obbligo di notifica in caso di rettifica o cancellazione o limitazione del trattamento (art. 19); diritto alla portabilità dei dati (art. 20); diritto di opposizione (art. 21); processo decisionale automatizzato relativo alle persone fisiche, compresa la profilazione (art. 22).</p>



<p>L’interessato ha altresì il diritto di proporre reclamo all’Autorità di controllo.</p>

<p>Gentile interessato, desideriamo informarLa che il “Regolamento Europeo 2016/679 relativo alla protezione delle persone fisiche con riguardo al Trattamento dei Dati Personali, nonché alla libera circolazione di tali dati” (“GDPR”) prevede la tutela delle persone e di altri soggetti rispetto al trattamento dei dati personali. Fondazione Bracco, ai sensi dell&#8217;articolo 13 del GDPR, pertanto, Le [&hellip;]</p>

<!-- This site is optimized with the Yoast SEO plugin v17.4 - https://yoast.com/wordpress/plugins/seo/ -->
<title>Regolamento Privacy verso Fornitori - Fondazione Bracco</title>
<meta name="robots" content="index, follow, max-snippet:-1, max-image-preview:large, max-video-preview:-1" />
<link rel="canonical" href="https://www.fondazionebracco.com/en/privacy-fornitori/" />
<meta property="og:locale" content="en_US" />
<meta property="og:type" content="article" />
<meta property="og:title" content="Regolamento Privacy verso Fornitori - Fondazione Bracco" />
<meta property="og:description" content="Gentile interessato, desideriamo informarLa che il “Regolamento Europeo 2016/679 relativo alla protezione delle persone fisiche con riguardo al Trattamento dei Dati Personali, nonché alla libera circolazione di tali dati” (“GDPR”) prevede la tutela delle persone e di altri soggetti rispetto al trattamento dei dati personali. Fondazione Bracco, ai sensi dell&#8217;articolo 13 del GDPR, pertanto, Le [&hellip;]" />
<meta property="og:url" content="https://www.fondazionebracco.com/en/privacy-fornitori/" />
<meta property="og:site_name" content="Fondazione Bracco" />
<meta property="article:publisher" content="https://www.facebook.com/fondazionebracco" />
<meta property="article:modified_time" content="2021-03-23T15:01:21+00:00" />
<meta name="twitter:card" content="summary_large_image" />
<meta name="twitter:site" content="@FondBracco" />
<!-- / Yoast SEO plugin. -->

Gentile interessato, desideriamo informarLa che il “Regolamento Europeo 2016/679 relativo alla protezione delle persone fisiche con riguardo al Trattamento dei Dati Personali, nonché alla libera circolazione di tali dati” (“GDPR”) prevede la tutela delle persone e di altri soggetti rispetto al trattamento dei dati personali. Fondazione Bracco, ai sensi dell&#8217;articolo 13 del GDPR, pertanto, Le [&hellip;]
